
Let g(n) = 4*n + 25. Calculate g(-11).
-19
Let g(z) = z**3 - 9*z**2 + z - 6. Determine g(9).
3
Let t(g) = g**3 + 11*g**2 - 13*g - 5. What is t(-12)?
7
Let y(c) = -c**2 + 4*c - 1. What is y(-4)?
-33
Let z(i) = -29*i**3 + i**2. What is z(-1)?
30
Let v(t) = 18*t + 96. What is v(-5)?
6
Let f(a) = 57*a + 14. Give f(-2).
-100
Let t(j) = -j**3 + 38*j**2 + 42*j - 123. Calculate t(39).
-6
Let h(o) = -o**3 - 5*o**2 + 26. What is h(-5)?
26
Let c(n) = -n + 11. Calculate c(16).
-5
Let t(h) = -5*h - 1. What is t(3)?
-16
Let g(y) = 2*y**3 + 43*y**2 - 20*y + 45. What is g(-22)?
1
Let l(h) = h**3 - 8*h**2 + h - 3. Calculate l(8).
5
Let p(x) = x**2 + 7*x - 4. Determine p(5).
56
Let w(g) = -g**3 - 9*g**2 + 2*g + 4. What is w(-10)?
84
Let g(k) = -k**3 - 17*k**2 + 18*k + 33. Determine g(-18).
33
Let a(z) = -4*z**2 + 2*z + 2. Determine a(-1).
-4
Let c(x) = -2*x**2 + 16*x + 20. Calculate c(12).
-76
Let s(o) = 4*o**2 - 48*o - 65. Determine s(13).
-13
Let k(s) = -s**3 - 6*s**2 - 9*s + 5. Determine k(-6).
59
Let z(l) = -l**2 - 2*l - 2. What is z(-2)?
-2
Let g(a) = -a**3 - 5*a**2 - 2. Give g(-5).
-2
Let d(w) = -w**3 + 7*w**2 - 5*w - 8. What is d(5)?
17
Let k(a) = -14*a + 18. Calculate k(4).
-38
Let f(m) = -2*m**3 + 2*m**2 + 8*m + 3. Give f(-2).
11
Let d(p) = 2*p**2 + 29*p - 86. Give d(-17).
-1
Let i(x) = -7*x + 26. Calculate i(4).
-2
Let r(d) = -3*d**2 + 2*d - 2. Calculate r(5).
-67
Let l(p) = p**3 + 22*p**2 - 15*p + 23. What is l(-23)?
-161
Let w(j) = -2*j**2 - 21*j - 43. Determine w(-3).
2
Let y(a) = a**3 + 3*a**2 - a. What is y(-3)?
3
Let l(p) = p**3 - 6*p**2 + 6*p - 10. Give l(5).
-5
Let r(s) = -2*s + 63. Determine r(31).
1
Let c(g) = 2*g**2 - 11*g - 63. Calculate c(-5).
42
Let k(u) = u**3 + 17*u**2 + 11*u - 50. Determine k(-16).
30
Let l(b) = -b**2 + b + 13. Calculate l(0).
13
Let q(v) = -30*v + 19. Determine q(-4).
139
Let b(l) = 6*l + 26. Calculate b(-8).
-22
Let f(t) = -9*t - 15. Calculate f(10).
-105
Let k(q) = -3*q**2 + 2*q - 2. What is k(1)?
-3
Let a(b) = 4*b - 7. Determine a(12).
41
Let j(d) = -2*d**2 - 24*d - 7. Give j(-10).
33
Let m(k) = -5*k**3 - 30*k**2 + 9. Calculate m(-6).
9
Let r(j) = -j. Determine r(6).
-6
Let t(m) = -2*m**2 - 3*m + 11. What is t(-5)?
-24
Let o(s) = 6*s + 5. Give o(5).
35
Let n(z) = -3*z + 29. What is n(6)?
11
Let o(z) = -z**3 + 19*z**2 + 7*z - 130. Determine o(19).
3
Let m(g) = g**3 + 7*g**2 + 7*g - 9. Determine m(-5).
6
Let u(c) = -c**2 - 16*c - 15. What is u(-10)?
45
Let i(n) = 9*n + 13. What is i(-1)?
4
Let b(r) = 59*r + 2. Determine b(1).
61
Let j(i) = -i**3 + 10*i**2 + 2*i - 12. What is j(10)?
8
Let o(s) = -13*s - 89. What is o(-7)?
2
Let k(m) = -m**3 + 9*m**2 - 14*m - 2. Determine k(7).
-2
Let f(z) = -3*z + 81. What is f(27)?
0
Let u(d) = -28*d**2 - 223*d + 8. Calculate u(-8).
0
Let m(t) = -3*t**3 + 37*t**2 - 13*t + 9. Give m(12).
-3
Let r(n) = n**3 - 4*n - 3. What is r(-2)?
-3
Let b(y) = -2*y**3 + 34*y**2 + 3*y - 56. Determine b(17).
-5
Let y(n) = -n**3 + 12*n**2 - 15*n + 33. Calculate y(11).
-11
Let p(g) = g**3 + 2*g - 1. Give p(1).
2
Let l(d) = -2*d - 1. Give l(-4).
7
Let z(j) = 9*j - 151. Calculate z(15).
-16
Let m(l) = -l**3 - 4*l**2 + 30*l + 12. Determine m(-8).
28
Let j(n) = -n + 2. Give j(2).
0
Let g(r) = 8*r**3 - r**2 - 3*r - 2. What is g(-1)?
-8
Let z(o) = -o**3 + 40*o**2 + 276*o + 1. Determine z(46).
1
Let o(c) = -c**3 + 8*c**2 - 9*c - 3. Determine o(6).
15
Let v(a) = -4*a - 122. Give v(-31).
2
Let a(x) = x**3 - 8*x**2 - 2*x + 1. Calculate a(8).
-15
Let i(r) = -2*r**2 + 18*r + 10. Calculate i(10).
-10
Let o(q) = q**3 + 12*q**2 + 19*q - 11. Calculate o(-9).
61
Let l(p) = 2*p - 27. Give l(18).
9
Let v(r) = r**3 + 8*r**2 - 11*r + 3. Calculate v(-9).
21
Let j(h) = h**2 + 3*h - 3. What is j(-6)?
15
Let x(h) = -3*h**2 - 19*h - 9. Calculate x(-7).
-23
Let s(l) = 2*l**2 - 22*l - 11. Give s(12).
13
Let r(n) = -3*n**3 - 19*n**2 - 3*n - 6. What is r(-6)?
-24
Let j(m) = m**3 + 23*m**2 + 17*m - 105. Calculate j(-22).
5
Let q(d) = d**2 - 7*d + 5. Calculate q(5).
-5
Let f(a) = -24*a + 82. Determine f(5).
-38
Let v(u) = -u - 1. Give v(-10).
9
Let h(q) = q**2 + 7*q - 6. Determine h(-7).
-6
Let j(r) = -99*r - 4. What is j(-1)?
95
Let t(s) = -s**2 + 3*s + 19. Give t(-4).
-9
Let i(b) = 6*b - 4. Determine i(3).
14
Let o(f) = f**3 + 15*f**2 + f + 6. What is o(-15)?
-9
Let k(u) = -2*u**3 + 15*u**2 - 19*u + 5. Give k(6).
-1
Let v(z) = -2*z**2 + 20*z + 34. Give v(12).
-14
Let x(i) = -i**2 - 31*i + 24. Determine x(-32).
-8
Let b(g) = 26*g - 5. Give b(-4).
-109
Let v(n) = -n**2 + 5*n + 9. Calculate v(8).
-15
Let p(c) = -12*c - 14. Give p(-2).
10
Let g(x) = -x**3 - 10*x**2 + x + 6. Give g(-10).
-4
Let z(f) = 5*f**2 - 112*f + 50. What is z(22)?
6
Let m(x) = -x**2 + 16*x - 61. Calculate m(10).
-1
Let i(m) = m - 1. Give i(-4).
-5
Let s(g) = -3*g**2 - 36*g + 14. Determine s(-13).
-25
Let s(y) = 5*y**2 + 53*y - 88. Give s(-12).
-4
Let m(b) = b**2 + 24*b + 104. What is m(-18)?
-4
Let x(l) = l**3 + 25*l**2 + l - 33. Give x(-25).
-58
Let b(d) = -d**3 - 13*d**2 - 14*d - 27. Determine b(-12).
-3
Let h(j) = -j**2 + 27*j + 13. Calculate h(27).
13
Let a(p) = p + 38. Give a(-44).
-6
Let i(h) = 53*h - 4. Give i(1).
49
Let o(s) = s**3 - 2*s**2 - s - 4. Give o(3).
2
Let u(v) = 2*v**3 + 12*v**2 - 15*v + 3. Determine u(-7).
10
Let h(r) = 38*r**3 - 2*r**2 - 4*r - 1. Determine h(-1).
-37
Let p(s) = s**2 - 14*s + 12. Calculate p(5).
-33
Let n(x) = -x**3 + 2*x**2 + 5*x - 1. Determine n(4).
-13
Let u(j) = -3*j + 40. What is u(17)?
-11
Let w(d) = -3*d**2 - 13*d - 29. What is w(-2)?
-15
Let y(k) = 8*k + 99. Give y(-12).
3
Let l(t) = t**2 - 25*t + 31. Determine l(24).
7
Let x(y) = y - 37. What is x(-27)?
-64
Let r(z) = -99*z + 483. Determine r(5).
-12
Let m(r) = r**2 + 25*r + 143. Give m(-8).
7
Let n(p) = -47*p**3 - 2*p**2 - 4*p - 3. What is n(-1)?
46
Let c(a) = 2*a**3 - 16*a**2 + 13*a + 9. What is c(7)?
2
Let l(x) = x**3 - 10*x**2 + 12*x. Calculate l(9).
27
Let d(h) = 8*h**2 - h - 4. Determine d(2).
26
Let s(x) = x**2 - 6*x - 13. Calculate s(8).
3
Let j(p) = 3*p - 18. Determine j(5).
-3
Let i(w) = -13*w + 15. Calculate i(4).
-37
Let k(c) = -c**2 + 39*c - 298. What is k(29)?
-8
Let a(n) = -n**2 - 12*n + 6. Give a(-12).
6
Let i(t) = 4*t**2 + 5*t - 15. Calculate i(-3).
6
Let g(o) = -o**2 - 2*o + 1. Give g(-5).
-14
Let b(v) = -v**3 + 5*v**2 + v - 4. What is b(5)?
1
Let r(h) = 11*h - 302. Give r(26).
-16
Let u(m) = -2*m**2 + 4*m - 15. Give u(7).
-85
Let p(o) = -o**2 - 60*o - 411. What is p(-8)?
5
Let f(n) = -n + 6. Calculate f(-4).
10
Let t(z) = 3*z**3 - z**2. Give t(1).
2
Let r(t) = t**3 + 13*t**2 - 27*t + 34. Give r(-15).
-11
Let f(w) = -24*w - 39. Give f(-2).
9
Let r(o) = -o**3 + 44*o**2 - 83*o - 25. Give r(42).
17
Let y(o) = o**3 + 7*o**2 + 8*o + 18. What is y(-6)?
6
Let b(i) = i**2 + i + 4. Give b(-6).
34
Let m(f) = -7*f - 226. Determine m(-31).
-9
Let k(x) = -x**3 - 10*x**2 - 12*x - 13. Give k(-9).
14
Let n(j) = j**3 - 8*j**2 - 6*j + 18. What is n(9)?
45
Let n(r) = -3*r**3 + 4*r**2 - r - 4. Give n(-3).
116
Let m(k) = -k**3 - 6*k**2 - 16. Calculate m(-7).
33
Let s(c) = -27*c**3 + c**2 + 8*c - 7. Calculate s(1).
-25
Let v(c) = -c**2 - 25*c - 120. What is v(-19)?
-6
Let o(i) = -3*i**2 - 2*i + 12. Calculate o(0).
12
Let o(p) = -p**2 - 25*p - 71. Determine o(-21).
13
Let r(u) = -6*u**2 - 3. What is r(2)?
-27
Let y(w) = -6*w + 132. What is y(20)?
12
Let s(h) = -5*h + 4. Determine s(3).
-11
Let y(t) = 3*t - 4. Determine y(-8).
-28
Let l(y) = -y**3 + 4*y**2 + 2*y - 5. Determine l(4).
3
Let v(r) = 3*r**3 + 3*r**2 - 17*r - 37. Determine v(-4).
-113
Let v(z) = 6*z + 5. Determine v(0).
5
Let c(y) = y**2 + 8*y + 14. What is c(-6)?
2
Let b(j) = -j**3 + 10*j**2 - 14*j + 33. Determine b(9).
-12
Let q(g) = 19*g - 301. What is q(16)?
3
Let j(z) = -z**2 - 9*z + 15. What is j(-13)?
-37
Let h(a) = -2*a**2 + 8*a + 5. What is h(6)?
-19
Let x(d) = -2*d**2 + 23*d - 20. Determine x(9).
25
Let p(o) = -o**2 - o + 8. Calculate p(-6).
-22
Let a(n) = 3*n + 18. Give a(-14).
-24
Let a(v) = v**2 - 10*v + 5. What is a(4)?
-19
Let c(b) = -3*b**3 - 9*b**2 - 4. What is c(-3)?
-4
Let u(n) = n**3 + n**2 - n + 17. Calculate u(0).
17
Let n(c) = -10*c - 6. Determine n(1).
-16
Let c(d) = d**2 - 5. Calculate c(6).
31
Let j(s) = -5*s + 10. Calculate j(9).
-35
Let l(b) = 253*b - 2028. Give l(8).
-4
Let v(l) 